). Suppose 2*c + 4*a = y, -2*c + c + 35 = -3*a. What is the tens digit of c?
3
Let r(z) = 1392*z - 2419. What is the tens digit of r(18)?
3
Let f(r) = 9*r**2 + 134*r - 2343. What is the tens digit of f(31)?
6
Suppose -2*r + 63883 = 3*q, 323*r + 5*q = 319*r + 127765. What is the tens digit of r?
4
Suppose -5649016 = -179*l - 1199971. What is the ten thousands digit of l?
2
Suppose -5*r = 578 - 563, -i + 15000 = -4*r. What is the units digit of i?
8
What is the units digit of 1*-22*(21 + -31)*(-166)/(-8)?
5
Let x = -57902 + 99628. What is the units digit of x?
6
What is the tens digit of (345738/(-116))/(-1 + (-10)/(-16))?
4
Suppose 87 - 95 = 2*i. What is the units digit of i + -7 - -8 - -1*383?
0
Let w(b) = -36 - 62*b + 42*b + 0*b**2 + 2*b**2. What is the tens digit of w(21)?
2
Suppose 0 = -11*v + 2*v + 45581 + 18535. What is the hundreds digit of v?
1
Let b(f) = -f**3 + 3*f**2 + 8*f - 3. Let g be b(4). Suppose 18 = -4*u + g*u. Let d(k) = 90*k - 8. What is the units digit of d(u)?
2
Let n = 48890 - 21676. What is the hundreds digit of n?
2
Let d = -156 + 141. Let i(f) = f**3 + 21*f**2 + 57*f + 3. What is the hundreds digit of i(d)?
4
Let r(c) = 11*c**3 - 2*c**2 - 273*c - 81. What is the tens digit of r(17)?
4
Let p be 4/10 + 3/5*-299. Let y = 21 - p. What is the tens digit of y?
0
Suppose 11*i = -3*t + 7*i + 34204, 3*i - 22802 = -2*t. What is the units digit of t?
4
Let r = -349 + 359. Let n(o) = 7*o**2 + 9*o - 206. What is the tens digit of n(r)?
8
Suppose -5*x = -5*a - 123980, 3*x - 12354 = -5*a + 61978. What is the units digit of x?
9
Let y(n) = 5*n - 85. Let w be y(0). Let a = w + 406. What is the tens digit of a?
2
What is the thousands digit of (0 - 3) + (-49 - -1060)?
1
Suppose 0 = 5*w + d + 3*d - 28, -5*d - 10 = -5*w. Suppose 16*c + 329 = h + 19*c, 0 = -w*h - 2*c + 1316. What is the units digit of h?
9
Let u(x) = x**2 + 2*x + 8. Suppose -5 + 3 = -q. Let m be (3 - q)/(-3*2/24). What is the units digit of u(m)?
6
Suppose 0 = -4*o, -s - 7*o = -8*o - 3. Suppose 12 = 2*x + x, -s*x = -3*n + 1944. What is the tens digit of n?
5
Suppose -4*i - 40811 = 3*j - 184585, j + 2 = 0. What is the tens digit of i?
4
Let c(z) = -102 + 99 + 738*z**3 + 3*z - 151*z**3 - z**2. What is the units digit of c(1)?
6
Let a(i) = 3*i**2 - 2*i - 4. Let z be a(2). Suppose -z*j + 12*j - 2592 = 0. Let r = j - 149. What is the hundreds digit of r?
1
Let p(f) = -f**3 + 6*f**2 + 4*f - 7. Let z be p(6). Let c = z + 260. What is the hundreds digit of c?
2
Suppose 5*w - 111592 - 61679 = 3*f, 0 = -4*w + 3*f + 138615. What is the ten thousands digit of w?
3
Let k(a) = -1085*a**3 - 7*a**2 - 14*a - 2. Let v be k(-2). Suppose v = 13*j - 994. What is the units digit of j?
4
Suppose 45*l = 650373 + 505677. What is the units digit of l?
0
Suppose 3*b = w + 20, 3*b - 5 + 9 = -2*w. What is the units digit of (5 + -3)*(-1484)/w?
1
Let z = 281 - 263. Let p = z - -358. What is the tens digit of p?
7
Suppose -3*t + 3*i + 96795 = 0, 43412 = 5*t + 3*i - 117913. What is the units digit of t?
5
Let o = 131 + -61. Let i = o + -302. Let d = i - -422. What is the hundreds digit of d?
1
Let h be (-8)/24 + 2/(-3). What is the units digit of (1340/(-8))/(h - (-2)/4)?
5
What is the thousands digit of (26 - (-792)/(-30)) + (-88914)/(-10)?
8
Suppose -3*w + 2*h + 221 = 2*w, w + 5*h - 55 = 0. Suppose 37*p + 400 = w*p. What is the units digit of p?
0
Let u be -2 + ((-33)/(-22) - (-2)/4). Suppose l - t - 475 - 343 = 0, u = 5*t + 15. What is the tens digit of l?
1
Let n(a) = -120*a**3 + 2*a**2 - 3. Let m be n(-1). Let w = m - -224. What is the units digit of w?
3
Let h = 66573 + -26480. What is the thousands digit of h?
0
Suppose 14*o + 825 = 2883. What is the tens digit of (-5 + 2)*(-4 + 3)*o?
4
Suppose 19*h - 44550 = 29584 + 68081. What is the units digit of h?
5
Let r(p) = 3*p**3 + p**2 - 3*p + 2. Let q be r(-2). What is the tens digit of (q/(-9))/(14/3423)?
2
Suppose -36 = -2*n + 2*h, 5*h + 20 = 25. What is the hundreds digit of (-7079)/(-10) + n/190?
7
Let l be 4/(-4) - 2/10*15. Let t(f) = 1 + 4 + 2*f**2 - 3 - 2*f. What is the tens digit of t(l)?
4
Let d(u) = 2*u - 11. Let k be d(6). Let q be (k - -172) + 8/(16/6). Let l = q + -91. What is the units digit of l?
5
Let q = 3006 - 1054. What is the thousands digit of q?
1
Let d(q) = -q**3 - 15*q**2 - 35*q + 26. Let w be d(-12). Suppose -w*h + 24*h - 7330 = 0. What is the hundreds digit of h?
7
Suppose -27*y - 5*m - 60 = -22*y, 3*y + 28 = 5*m. Let h(p) be the second derivative of -p**3/6 + 11*p**2/2 + p. What is the units digit of h(y)?
2
Suppose r = -v + 74, -r - 120 = -2*v + 4*r. Suppose 17*w - v = 12*w. Suppose w*j - 6*j = 688. What is the tens digit of j?
8
Suppose 217*l - 120 = 207*l. What is the tens digit of 69 + 4/(l/(-21))?
6
Let z(n) = 14116*n + 927. What is the hundreds digit of z(3)?
2
What is the units digit of ((-322)/42 + -3)/((-2)/3891)?
2
Let c(d) = 3*d**3 - d**2 + 8*d + 16391. What is the tens digit of c(0)?
9
Let c(p) = 4*p**3 - 7*p**2 + 5*p - 5. Suppose -22 = -4*t - v, 5*t - 2*v - 34 = -0*v. What is the units digit of c(t)?
7
Let l = 408 - 290. Suppose -l*n + 124*n = 2238. What is the units digit of n?
3
Let j(h) = -5*h**2 + h**2 - h**3 - 10*h - 5*h**2 + 16 - 6. What is the hundreds digit of j(-10)?
2
Let t = 69 + -51. Let f be t/12*(-16)/(-6) + 0. What is the tens digit of 2*2/(-16) - (-313)/f?
7
Suppose -5*n = 3*x - 1581, 34*x + n = 30*x + 2091. Let j = 917 - x. What is the tens digit of j?
9
Let x(w) be the third derivative of 6*w**2 - 1/12*w**4 + 1/20*w**5 + 275/6*w**3 - 1/120*w**6 + 0 + 0*w. What is the tens digit of x(0)?
7
Suppose 276 = -30*w + 33*w. Suppose -3*g + 32 = -34. Let k = w - g. What is the tens digit of k?
7
What is the tens digit of (-7 + 11 + -8 + 5)*(16556 - 3)?
5
Suppose 4*k - 12508 = -i, -12473 = -33*i + 32*i + k. What is the tens digit of i?
8
Let i(r) = -32 - 6*r - 35*r + 61*r - r**2. What is the units digit of i(18)?
4
Suppose 0 = 46*i - 40*i - 20011 - 12815. What is the units digit of i?
1
Let q(r) = -r**2 + 21*r - 9. Let x be q(9). Let z = x - 62. Suppose 5*s + z = 6*s. What is the units digit of s?
7
Let g(r) = -3*r + 22. Let o be g(-6). Let t = -37 + o. What is the units digit of (t - 33/15)/(10/1275)?
2
Let a = -510 - -297. Let k = a - -378. What is the units digit of k?
5
Suppose -116618 + 15270 = -13*y + 87178. What is the hundreds digit of y?
5
What is the units digit of -4838*(-4 + 3) + 1 + 0?
9
Suppose 18804 = 10*p - 12796. What is the thousands digit of p?
3
Let a(u) = 153*u**2 - 34*u - 128. What is the units digit of a(-5)?
7
Suppose -171 + 283 = 4*b. What is the units digit of 16/b + (-6292)/(-14)?
0
Let i(n) = 14*n + 25. Let l be i(6). Let c = 366 - l. What is the hundreds digit of c?
2
Let l = 103933 + -52792. What is the ten thousands digit of l?
5
Let f(l) = -l**3 - 17*l**2 + 17*l - 14. Let h be f(-18). Suppose -2*m - 2*j = 5 - 3, h*m + 4 = -3*j. What is the tens digit of (-17 - 48)*(-1 - -2)/m?
6
Suppose -1998966 = -36*r + 332430. What is the units digit of r?
1
Let n be (0 + (-100)/8)/(3/(-6)). Suppose -2*u = 17 - n. Let q(j) = 27*j + 1. What is the tens digit of q(u)?
0
Let v = -13 + -1. Let t be (-1 + -6)*4/v + -66. Let g = 97 + t. What is the units digit of g?
3
Let m(z) = -z**2 - 45*z - 123. Let l be m(-42). Suppose -2*y + 3364 = 5*d, -7*d + l*d - 8443 = -5*y. What is the hundreds digit of y?
6
Let s be (4/(-8))/1*-452. Let w = s + -120. Let f = 212 - w. What is the hundreds digit of f?
1
Let k = -5 - -3. Let p = 3 - k. Suppose 4*f - 16 = -0, 132 = p*s + 3*f. What is the units digit of s?
4
Suppose 0 = 42*z - 50*z + 520. Suppose z*t - 45*t = 3100. What is the tens digit of t?
5
Let b = -6868 + 8809. What is the tens digit of b?
4
Let f(h) = 4*h + 25. Let m be f(-6). Let a(q) = 3*q**2 - 5*q - 3. Let p(c) = -c**2 + c. Let d(u) = m*a(u) + 2*p(u). What is the hundreds digit of d(15)?
1
What is the thousands digit of 447/14*76 - 144/252?
2
Suppose -r - 10*r = -363. Let f = -25 + r. What is the units digit of (514/f)/((-10)/(-40))?
7
Suppose -6*g + 2523400 = 304*g. What is the hundreds digit of g?
1
Suppose 3*f - 7 = -3*g + 5, -5*f - 2*g + 23 = 0. Suppose f*c = l + l - 1226, 4*c = 2*l - 980. What is the hundreds digit of (c/(-4))/((-3)/(-8)*1)?
1
Let s(f) = 68*f - 1859. What is the hundred